 5*j**2 - 8*j - 12. Let q be y(-3). Determine k(q).
-2
Let b(o) = 32*o - 66*o + 37*o - 39. Give b(14).
3
Let k(b) = -b - 35. Suppose 2*q + 2*i + 0*i = -36, -9 = -3*i. Determine k(q).
-14
Suppose 4*n + 0 = 12. Let o(j) = 9 - 33637*j - 3 - 33645*j + 67277*j. What is o(n)?
-9
Let s(h) = -h**3 + 12*h**2 - 10*h - 11. Let o(n) = 2*n**3 + n**2 + 387*n - 783. Let d be o(2). Determine s(d).
0
Let m(c) be the second derivative of -2*c**3/3 + 19*c**2 + 8938*c. Give m(8).
6
Let m(b) = 46*b - 4. Let u = -4183 + 4183. Calculate m(u).
-4
Let j be (-14 + -1)*15/9*12/50. Let d(u) = u**2 + 5*u - 27. Give d(j).
-21
Let a(q) = -1783*q**3 + 1766*q**3 + 3*q**2 - 2*q**2 + 10 + 0*q**2 - 11. Suppose -4*z - y + 1 = 2*y, -2*z + 3*y + 5 = 0. Determine a(z).
-17
Suppose -172*r - 6 = -169*r. Let a be (r/(-3))/(384/(-63) + 6). Let k(w) = -2*w - 10. Calculate k(a).
4
Let q = 1682 + -1658. Let c(y) = 6*y - 147. Determine c(q).
-3
Let r(z) = -z**2 - 13*z + 57. Let j be r(-16). Let l(c) = 7 - 222*c + j + c**2 + 210*c. Calculate l(11).
5
Suppose 3*f + 8 = 11*f. Let q be f - 52/60 - (-128)/(-60). Let k be (3/(-3) - 1)*(-5)/q. Let h(g) = -g + 5. Give h(k).
10
Let h(a) = 9*a**3 + 1 + 3*a**2 - a**2 + 2*a + 13*a**3. Suppose 0*m + 3 = r + 3*m, 5*r = 3*m - 75. Let p(c) = c**2 + 16*c + 47. Let b be p(r). What is h(b)?
-21
Let n(x) = -8*x**2 - 2*x - 1. Let z(l) = -2*l**2 + 27*l - 2. Let h(i) = i**2 - 13*i + 1. Let k(v) = -13*h(v) - 6*z(v). Let s be k(7). What is n(s)?
-7
Let h(c) = c - 5*c + 0*c. Let o be h(1). Let p(u) = -5*u**2 + 73*u - 6. Let d(w) = -2*w**2 + 33*w - 2. Let g(f) = 9*d(f) - 4*p(f). Give g(o).
18
Let u = -4 + 8. Suppose 9*r = 11 - 2. Let d(h) = -r - 56*h + 2 + 54*h. Determine d(u).
-7
Suppose 6*v - 4*m + 20 = 4*v, 5*v + 32 = 4*m. Let h(o) = o**3 + 3*o**2 + 9. Give h(v).
-7
Suppose 5*h + 5*f + 25 = 0, 3*h = 4*h - f - 5. Let s be (-65)/25 + 5 + 6/(-15). Let x(t) = -1 + h*t + 8*t**2 + s*t - t. Calculate x(1).
8
Let v(q) = 97 - q - q**2 + 0*q - 105 + 3*q + 11*q. Calculate v(14).
-22
Let a(g) be the second derivative of g**7/2520 - g**6/144 + g**5/12 + 37*g**4/3 - 10*g + 2. Let i(l) be the third derivative of a(l). Calculate i(4).
6
Let k(i) be the first derivative of i**6/360 - i**4/24 + 31*i**3 - 7. Let h(s) be the third derivative of k(s). Calculate h(1).
0
Suppose -3*o - 5*p + 48 = -7*o, -2*o = -2*p + 22. Let x(l) = 10*l + 61. Let v(c) = -12*c - 70. Let d(b) = 6*v(b) + 7*x(b). Determine d(o).
21
Let s(y) = -y - 14*y**2 - 6*y + 2*y + 6*y - 1. Suppose 5*w - 3*m = -24 + 44, -3*w + 23 = -4*m. Give s(w).
-14
Suppose -75 = 16*f - 211 - 72. Let s(h) = h**2 - 10*h - 26. Give s(f).
13
Suppose 5*d + 272 = 82. Let m = d + 85. Let n = -50 + m. Let u(l) = -3*l. Give u(n).
9
Let v(g) be the first derivative of -1/3*g**3 - 4*g - 80 - 7/2*g**2. What is v(-5)?
6
Let y(i) be the third derivative of -i**4/24 - i**3/3 - 32*i**2. Let j be (7 - 205/25)*5*2. Calculate y(j).
10
Let n = -240 + -358. Let z = n + 598. Let d(g) = g**3 - g**2 + g - 30. Give d(z).
-30
Suppose 0 = c + r - 22, -4*c + 54 + 30 = 2*r. Suppose 0 = 4*v + c, -4*o = 3*v - v + 10. Let q(x) = 9*x + 10*x + 2*x**2 + 8 - x**2 - 18*x. Calculate q(o).
8
Let u = 1 - 0. Let p(k) be the second derivative of -k**4/6 - k**3/6 + k**2/2 - 47899*k. Give p(u).
-2
Let r(w) = -12*w - 3. Let y(s) = -4*s - 1. Let g(n) = -3*r(n) + 8*y(n). Suppose -4*z + 40 = -24*z. Let k be (z/(-14))/((-5)/(-140)*4). Determine g(k).
5
Let n(p) = p**2 + 7. Let g be n(3). Let s(t) = 0 - 27*t - 4 + 3 + g*t. Give s(-1).
10
Let s(t) be the first derivative of -t**3/3 + 7*t**2/2 + 172*t - 3879. Give s(-10).
2
Let t(o) = -11*o**2 - 9*o + 7. Let a = -3814 - -3816. Determine t(a).
-55
Let c(n) = n**2 + n + 7. Suppose -s + 4 = k, -3*s = -3*k - 0*s. Suppose 0 = -5*q - u - 15, -k*u = -3*q - 5 - 4. Let i be (-4 - -2) + -1 - q. Calculate c(i).
7
Suppose 5*x + 104 = 22*x + 9*x. Let s(d) = 2*d. Calculate s(x).
8
Suppose 0 = 2*n + 2*n - 40. Let s = -4 + n. Let b(z) be the third derivative of -z**6/120 + 7*z**5/60 - 7*z**4/24 + 5*z**3/6 + 2951*z**2. What is b(s)?
-1
Let t(p) = p**3 - 13*p**2 - 8*p + 106. Let z(x) = -x**3 + 59*x**2 + 189*x - 173. Let m be z(62). Calculate t(m).
2
Let w(m) = -m**3 + m**2 - 1. Let i(k) = -18*k - 3*k + 30*k - 10. Let n be i(1). Calculate w(n).
1
Suppose 0 = -5*d - 15, 91 = 4*y + 2*d - 51. Let s = 30 - y. Let f(z) = -14*z**3 + 6*z**2 - 6*z + 9 - 9*z**3 - 3 + 22*z**3 - 14*z**2. Give f(s).
-1
Let w(p) = 3*p + 3 + 3 - 1 - 267*p**2 + 264*p**2. Let m(l) = 16*l**2 - 15*l - 26. Let b(c) = 2*m(c) + 11*w(c). Calculate b(5).
-7
Let t(b) = b**2 + 5*b - 21. Let f be t(-9). Suppose 4*r + 0*r - f = -3*c, 4*c = 4. Let i(v) = 1 - 4*v**3 + 0*v**2 + 5*v**3 - 2*v**2 + 0*v**3. Calculate i(r).
10
Let p(g) = 4*g - 13. Let a(s) = -s + 3. Suppose -8*t - 37 - 35 = 0. Let m(u) = t*a(u) - 2*p(u). What is m(-7)?
-8
Suppose -12438*x - 48 = -12454*x. Let g(h) = h**3 - 4*h**2 - 4. Calculate g(x).
-13
Let z be 3/(-15) - (-24)/(-15)*3. Let j(t) be the first derivative of -t**4/4 - 5*t**3/3 + 3*t**2/2 + 90. Give j(z).
-15
Let l(o) be the first derivative of -120 - 2*o - 1/2*o**2 + 1/3*o**3. Determine l(4).
10
Let t(m) = -m**2 + 5*m**2 - 5*m + 0*m + 5 + m**3. Let w(l) = 6*l**2 - 87*l + 226. Let a be w(11). Determine t(a).
5
Let l(v) = v - 1. Suppose 3*m = 3*w, 4*w = -0*m + 3*m - 2. Let u be 140/(-16) - w - (-9)/12. What is l(u)?
-7
Let z(y) be the second derivative of 3 + 6*y**2 + 53*y - 1/3*y**3. Give z(11).
-10
Let r(q) = -17*q**2 + 28*q + 3. Let j(b) = 6*b**2 - 10*b - 1. Suppose -2*g - 3 = 4*h - 31, 3*g - 22 = -2*h. Let i(t) = g*r(t) + 11*j(t). Determine i(-1).
-3
Let l(x) = -4*x**3 + 6*x**2 + 2*x + 3. Let v(q) = 3*q**3 - q**2 + q. Let y(f) = -l(f) - 2*v(f). Determine y(-2).
5
Let n(o) = o**2 + 12*o - 15. Let c be ((-26)/12)/((247/78)/19). Give n(c).
-2
Let c(r) = -2*r**2 - 5*r + 3. Let g(k) = 2*k**2 + k + 2. Let z be g(-1). Suppose 2*h + 3*a + 32 - 7 = 0, -z*h - 5 = -2*a. Determine c(h).
-22
Let y(w) = 2*w**3 + 4*w**2 + 7*w - 6. Let b(g) = -4*g**3 - 7*g**2 - 13*g + 11. Let k(c) = 4*b(c) + 7*y(c). Suppose 146 = -591*u - 148 + 1476. Calculate k(u).
-20
Let b(t) = t**3 - 4*t**2 + 2*t + 4. Suppose -5*r + 176 = -69. Let g = r - 50. Let n be -3 + -1 - g - -6. What is b(n)?
1
Let w(s) be the first derivative of -123 - 10/3*s**3 + 1/4*s**4 + 7/2*s**2 + 11*s. What is w(9)?
-7
Let n = 4140 + -12419/3. Let o(x) be the third derivative of 11*x**2 - n*x**3 + 0 - 1/24*x**4 + 0*x. What is o(7)?
-9
Let v(c) = 2*c**2 + 13*c + 6. Suppose -35*n - 150 = -21*n + 16*n. What is v(n)?
-9
Suppose -2*j + 3 = -j. Let t(a) = -96*a - 62*a - 94*a + 2 + 255*a. Calculate t(j).
11
Let j(v) be the first derivative of -v**4/4 - 4*v**3 - 10*v**2 - 2*v + 8460. Determine j(-10).
-2
Let r(z) be the second derivative of -7*z**3/6 - 41*z**2/2 + 770*z. Determine r(-6).
1
Let u be -116*4/(-12)*3. Suppose -u = -5*r - 646. Let a = r + 110. Let y(w) = -w + 1. Calculate y(a).
-3
Let a(f) = 156*f**2 - 16*f + 83. Let l(z) = 89*z**2 - 6*z + 42. Let x(m) = 4*a(m) - 7*l(m). Give x(15).
-67
Let t(w) be the first derivative of w**4/4 + 4*w**3/3 - w**2 + 2*w + 48. Let j = -705 - -701. Calculate t(j).
10
Let s(x) = 27 + 126 - x - 163. Give s(-23).
13
Let m(i) be the third derivative of -1/120*i**6 + 1/12*i**4 - 13 + 0*i + 1/60*i**5 + 0*i**3 + 3*i**2. Give m(-3).
30
Let u(l) = -l + 21. Suppose 204*c - 201*c = -39. Give u(c).
34
Let y be 49 + -38 + -6 + -3. Let g(b) = b**2 - 2. Let j be g(-2). Suppose -l - 3 = 3*n, 3*l + y = -j*n + 21. Let q(u) = u - 10. What is q(l)?
-1
Let a(i) be the third derivative of i**5/30 - 2*i**4/3 - i**3/3 - 81*i**2 + i. Calculate a(8).
-2
Let z(p) = -p**2 + 40*p + 264. Let w be z(-6). Let d(s) = -s**2 + 17*s + 342. Calculate d(w).
-6
Let o = 15 - 10. Let j = -7 - -9. Let d(u) = 3*u + 19*u**3 + 5*u**2 - j - 40*u**3 + 20*u**3. Determine d(o).
13
Suppose 0 = -168*i + 249*i - 567. Let g(k) = -4*k**3 + 10*k**2 + 3*k - 6. Let v(a) = 5*a**3 - 11*a**2 - 4*a + 7. Let w(l) = 4*g(l) + 3*v(l). Determine w(i).
-3
Let v be (1/(-2))/((-28)/112). Let c(k) = -2*k**2 + 3*k**v - 36*k + 38*k - 1. What is c(-2)?
-1
Let j(k) = 7*k**2 - 63*k + 29. Let h(v) = -6*v**2 + 53*v - 26. Let l(s) = 6*h(s) + 5*j(s). What is l(-5)?
-51
Let d(s) = -6*s - 3*s - 2*s**2 - 23 + s**2 + 9 + 3*s. Calculate d(-2).
-6
Let a(t) be the third derivative